{"id":2538,"date":"2020-11-06T20:41:32","date_gmt":"2020-11-06T20:41:32","guid":{"rendered":"http:\/\/doralbacastiblanco.com\/?page_id=2538"},"modified":"2025-02-03T15:57:09","modified_gmt":"2025-02-03T15:57:09","slug":"sanemos-tus-espacios-fisicos","status":"publish","type":"page","link":"https:\/\/doralbacastiblanco.com\/index.php\/sanemos-tus-espacios-fisicos\/","title":{"rendered":"ARMONICEMOS EL AMBIENTE EMPRESARIAL"},"content":{"rendered":"\t\t<div data-elementor-type=\"wp-page\" data-elementor-id=\"2538\" class=\"elementor elementor-2538\">\n\t\t\t\t\t\t<section class=\"elementor-section elementor-top-section elementor-element elementor-element-f15b93e elementor-section-boxed elementor-section-height-default elementor-section-height-default\" data-id=\"f15b93e\" data-element_type=\"section\" data-e-type=\"section\">\n\t\t\t\t\t\t<div class=\"elementor-container elementor-column-gap-default\">\n\t\t\t\t\t<div class=\"elementor-column elementor-col-100 elementor-top-column elementor-element elementor-element-29fb1c44\" data-id=\"29fb1c44\" data-element_type=\"column\" data-e-type=\"column\">\n\t\t\t<div class=\"elementor-widget-wrap elementor-element-populated\">\n\t\t\t\t\t\t<div class=\"elementor-element elementor-element-73c03743 elementor-widget elementor-widget-text-editor\" data-id=\"73c03743\" data-element_type=\"widget\" data-e-type=\"widget\" data-widget_type=\"text-editor.default\">\n\t\t\t\t<div class=\"elementor-widget-container\">\n\t\t\t\t\t\t\t\t\t<p><b><img decoding=\"async\" class=\"aligncenter\" src=\"http:\/\/doralbacastiblanco.com\/wp-content\/uploads\/2020\/11\/Hoja-Doralba-300x99.png\" alt=\"\" width=\"300\" height=\"99\"><\/b><\/p>\n<p><b>\u00bfEn qu\u00e9 consiste un proceso de constelaciones empresariales con alcance cu\u00e1ntico?&nbsp;<\/b><\/p>\n<p><span style=\"font-size: 17px; background-color: var(--ast-global-color-5);\">Cuando se aborda un proceso de acompa\u00f1amiento de constelaciones orientadas a las empresas, se inicia detectando las razones que son el origen de las dificultades o los bloqueos que atraviesa el entorno empresarial.<\/span><\/p>\n<p><span lang=\"EN-US\">En este tipo de procesos se involucra no solamente la limpieza energ\u00e9tica del inmueble, sino aquellas causas que bloquean la sana din\u00e1mica a nivel Sist\u00e9mico Empresarial, incluyendo el \u00e1rea de ventas, propietarios, vendedores, cliente ideal, precio, publicidad y\/o marketing, y algunos otros elementos que a nivel sist\u00e9mico intervienen en el proceso de la empresa como un Sistema.<\/span><\/p>\n<p><span lang=\"EN-US\">Este proceso est\u00e1 orientado a alinear, armonizar y generar un mayor orden en los sistemas organizacionales, para acercarnos y cumplir los objetivos y estrategias principales de la entidad, adem\u00e1s de integrar potenciales y programas positivos en la esencia de la empresa.<\/span><\/p>\n<p><span lang=\"EN-US\">Una sesi\u00f3n de constelaciones organizacionales busca integrar nuevas miradas, adem\u00e1s de determinar el papel que se cumple en la organizaci\u00f3n, apoya la toma de decisiones. <\/span><\/p>\n<p><span style=\"font-size: 17px; background-color: var(--ast-global-color-5);\">Si el acompa\u00f1amiento se solicita para realizar una venta del inmueble, se propone un proceso, se ejecuta seguimiento al avance de la venta, determinando si hay alg\u00fan otro factor a nivel sist\u00e9mico que est\u00e9 generando bloqueo a este proceso.&nbsp;<\/span><\/p>\n<p><span style=\"font-weight: 400;\">Las sesiones pueden ser presenciales o virtuales.<\/span><\/p>\n<p><strong><a href=\"https:\/\/doralbacastiblanco.com\/index.php\/escribeme\/\">Si tienes alguna duda, escr\u00edbeme y hablamos para revisar tu caso particular.&nbsp;<\/a><\/strong><\/p>\n<p><img decoding=\"async\" class=\"aligncenter\" src=\"http:\/\/doralbacastiblanco.com\/wp-content\/uploads\/2020\/11\/Hoja-Doralba-300x99.png\" alt=\"\" width=\"300\" height=\"99\"><\/p>\n<p><\/p>\n<p><!-- \/wp:paragraph --><\/p>\t\t\t\t\t\t\t\t<\/div>\n\t\t\t\t<\/div>\n\t\t\t\t\t<\/div>\n\t\t<\/div>\n\t\t\t\t\t<\/div>\n\t\t<\/section>\n\t\t\t\t<section class=\"elementor-section elementor-top-section elementor-element elementor-element-2a991ae elementor-section-boxed elementor-section-height-default elementor-section-height-default\" data-id=\"2a991ae\" data-element_type=\"section\" data-e-type=\"section\">\n\t\t\t\t\t\t<div class=\"elementor-container elementor-column-gap-default\">\n\t\t\t\t\t<div class=\"elementor-column elementor-col-100 elementor-top-column elementor-element elementor-element-a895c20\" data-id=\"a895c20\" data-element_type=\"column\" data-e-type=\"column\">\n\t\t\t<div class=\"elementor-widget-wrap elementor-element-populated\">\n\t\t\t\t\t\t<section class=\"elementor-section elementor-inner-section elementor-element elementor-element-bc91d43 elementor-section-boxed elementor-section-height-default elementor-section-height-default\" data-id=\"bc91d43\" data-element_type=\"section\" data-e-type=\"section\">\n\t\t\t\t\t\t<div class=\"elementor-container elementor-column-gap-default\">\n\t\t\t\t\t<div class=\"elementor-column elementor-col-50 elementor-inner-column elementor-element elementor-element-e2ba22a\" data-id=\"e2ba22a\" data-element_type=\"column\" data-e-type=\"column\">\n\t\t\t<div class=\"elementor-widget-wrap\">\n\t\t\t\t\t\t\t<\/div>\n\t\t<\/div>\n\t\t\t\t<div class=\"elementor-column elementor-col-50 elementor-inner-column elementor-element elementor-element-b9d8bb2\" data-id=\"b9d8bb2\" data-element_type=\"column\" data-e-type=\"column\">\n\t\t\t<div class=\"elementor-widget-wrap\">\n\t\t\t\t\t\t\t<\/div>\n\t\t<\/div>\n\t\t\t\t\t<\/div>\n\t\t<\/section>\n\t\t\t\t\t<\/div>\n\t\t<\/div>\n\t\t\t\t\t<\/div>\n\t\t<\/section>\n\t\t\t\t<\/div>\n\t\t","protected":false},"excerpt":{"rendered":"<p>\u00bfEn qu\u00e9 consiste un proceso de constelaciones empresariales con alcance cu\u00e1ntico?&nbsp; Cuando se aborda un proceso de acompa\u00f1amiento de constelaciones orientadas a las empresas, se inicia detectando las razones que son el origen de las dificultades o los bloqueos que atraviesa el entorno empresarial. En este tipo de procesos se involucra no solamente la limpieza [&hellip;]<\/p>\n","protected":false},"author":1,"featured_media":0,"parent":0,"menu_order":0,"comment_status":"closed","ping_status":"open","template":"","meta":{"_uag_custom_page_level_css":"","site-sidebar-layout":"default","site-content-layout":"default","ast-site-content-layout":"default","site-content-style":"default","site-sidebar-style":"default","ast-global-header-display":"","ast-banner-title-visibility":"","ast-main-header-display":"","ast-hfb-above-header-display":"","ast-hfb-below-header-display":"","ast-hfb-mobile-header-display":"","site-post-title":"","ast-breadcrumbs-content":"","ast-featured-img":"","footer-sml-layout":"","ast-disable-related-posts":"","theme-transparent-header-meta":"default","adv-header-id-meta":"","stick-header-meta":"","header-above-stick-meta":"","header-main-stick-meta":"","header-below-stick-meta":"","astra-migrate-meta-layouts":"default","ast-page-background-enabled":"default","ast-page-background-meta":{"desktop":{"background-color":"","background-image":"","background-repeat":"repeat","background-position":"center center","background-size":"auto","background-attachment":"scroll","background-type":"","background-media":"","overlay-type":"","overlay-color":"","overlay-opacity":"","overlay-gradient":""},"tablet":{"background-color":"","background-image":"","background-repeat":"repeat","background-position":"center center","background-size":"auto","background-attachment":"scroll","background-type":"","background-media":"","overlay-type":"","overlay-color":"","overlay-opacity":"","overlay-gradient":""},"mobile":{"background-color":"","background-image":"","background-repeat":"repeat","background-position":"center center","background-size":"auto","background-attachment":"scroll","background-type":"","background-media":"","overlay-type":"","overlay-color":"","overlay-opacity":"","overlay-gradient":""}},"ast-content-background-meta":{"desktop":{"background-color":"var(--ast-global-color-5)","background-image":"","background-repeat":"repeat","background-position":"center center","background-size":"auto","background-attachment":"scroll","background-type":"","background-media":"","overlay-type":"","overlay-color":"","overlay-opacity":"","overlay-gradient":""},"tablet":{"background-color":"var(--ast-global-color-5)","background-image":"","background-repeat":"repeat","background-position":"center center","background-size":"auto","background-attachment":"scroll","background-type":"","background-media":"","overlay-type":"","overlay-color":"","overlay-opacity":"","overlay-gradient":""},"mobile":{"background-color":"var(--ast-global-color-5)","background-image":"","background-repeat":"repeat","background-position":"center center","background-size":"auto","background-attachment":"scroll","background-type":"","background-media":"","overlay-type":"","overlay-color":"","overlay-opacity":"","overlay-gradient":""}},"footnotes":""},"class_list":["post-2538","page","type-page","status-publish","hentry"],"uagb_featured_image_src":{"full":false,"thumbnail":false,"medium":false,"medium_large":false,"large":false,"tf-client-image-size":false,"1536x1536":false,"2048x2048":false},"uagb_author_info":{"display_name":"Doralba Castiblanco","author_link":"https:\/\/doralbacastiblanco.com\/index.php\/author\/dorcaba_2yahoo-es\/"},"uagb_comment_info":0,"uagb_excerpt":"\u00bfEn qu\u00e9 consiste un proceso de constelaciones empresariales con alcance cu\u00e1ntico?&nbsp; Cuando se aborda un proceso de acompa\u00f1amiento de constelaciones orientadas a las empresas, se inicia detectando las razones que son el origen de las dificultades o los bloqueos que atraviesa el entorno empresarial. En este tipo de procesos se involucra no solamente la limpieza&hellip;","_links":{"self":[{"href":"https:\/\/doralbacastiblanco.com\/index.php\/wp-json\/wp\/v2\/pages\/2538","targetHints":{"allow":["GET"]}}],"collection":[{"href":"https:\/\/doralbacastiblanco.com\/index.php\/wp-json\/wp\/v2\/pages"}],"about":[{"href":"https:\/\/doralbacastiblanco.com\/index.php\/wp-json\/wp\/v2\/types\/page"}],"author":[{"embeddable":true,"href":"https:\/\/doralbacastiblanco.com\/index.php\/wp-json\/wp\/v2\/users\/1"}],"replies":[{"embeddable":true,"href":"https:\/\/doralbacastiblanco.com\/index.php\/wp-json\/wp\/v2\/comments?post=2538"}],"version-history":[{"count":13,"href":"https:\/\/doralbacastiblanco.com\/index.php\/wp-json\/wp\/v2\/pages\/2538\/revisions"}],"predecessor-version":[{"id":3094,"href":"https:\/\/doralbacastiblanco.com\/index.php\/wp-json\/wp\/v2\/pages\/2538\/revisions\/3094"}],"wp:attachment":[{"href":"https:\/\/doralbacastiblanco.com\/index.php\/wp-json\/wp\/v2\/media?parent=2538"}],"curies":[{"name":"wp","href":"https:\/\/api.w.org\/{rel}","templated":true}]}}